remainder when z is divided by (1/(-2))/((-4)/792).
94
Suppose -27*j = 369 - 1476. Suppose -v = -4*x + 13, -4*x + 4*v - 8 = -24. Let h(f) = -f**2 + 4*f + 4. Calculate the remainder when j is divided by h(x).
6
Suppose -2 = 30*a - 31*a. What is the remainder when (-5)/12*a*-138 is divided by 13?
11
Let r = -9 - -13. Suppose r = -h + 108. Suppose -19*m + 15*m = -h. Calculate the remainder when 103 is divided by m.
25
Suppose 0 = 3*b - 9 - 0. Suppose 5*h = -2*z + 86 - 25, -b*h - 5*z + 48 = 0. Let v = 107 + -101. Calculate the remainder when h is divided by v.
5
Let g = -300 + 446. Suppose -l - 100 + g = 0. Suppose 0 = -3*t - 4 + l. What is the remainder when 53 is divided by t?
11
Let z(n) = 65*n**2 + 5*n - 18. Let f be z(2). Suppose 0 = 248*q - f*q + 52. Calculate the remainder when 87 is divided by q.
9
Suppose 4*m + 33 = 7*m. Suppose -327 - 80 = -m*y. What is the remainder when y is divided by 2*4/(32/76)?
18
What is the remainder when 500 is divided by ((-4)/(-14)*(-1)/2)/((-526)/84686)?
17
Let u(v) = 4*v**3 - 2*v**2 - 2*v + 2. Let a be u(2). Suppose a*j = 25*j + 252. Let r = j + 173. Calculate the remainder when r is divided by 18.
17
Let c(p) = -p**3 - 6*p**2 + 4*p + 48. Let u be c(-5). Suppose 304 = 5*i - 5*t - 626, u*i = 4*t + 559. What is the remainder when i is divided by 34?
15
Suppose 0 = 4*l + 4*m - 20, 5*l + 13 + 2 = 3*m. Suppose l = 10*d + 114 - 204. Let o(u) = 2*u**2 + 5*u + 8. Calculate the remainder when o(-6) is divided by d.
5
Let b = -1907 - -1968. What is the remainder when 86 is divided by b?
25
Suppose 0 = 5*d + 3*b - 5682, -b - 807 = -d + 323. Calculate the remainder when d is divided by 4.
2
Suppose 3*p - 15 - 18 = 0. Let s(v) be the second derivative of 3*v**3/2 + 8*v**2 + 39*v. What is the remainder when s(3) is divided by p?
10
Suppose -684 = -8*u + 68. Suppose 182 = 3*f - 5*c - 0*c, -5*c + u = f. Calculate the remainder when f is divided by 144/(-27)*(-9)/2.
21
Suppose -3*j = -5*j + 42. Suppose 5*h = -3*f - 62 - 1001, h + 231 = 4*f. Let a = h + 295. Calculate the remainder when a is divided by j.
17
Let a(q) = q + 19. Let p be a(-8). Suppose 4*g + p*g - 345 = 0. What is the remainder when 159 is divided by g?
21
What is the remainder when 2*7 + ((-68)/136)/(1/(-4)) is divided by (-1 - -5)/((-8)/(-6))?
1
Suppose -x + 75 - 40 = 21. What is the remainder when 601 is divided by x?
13
Let z be (-5)/(-5)*-8*(-2)/1. Suppose -z*p + 15*p = -5. Suppose 14 = l + l. Calculate the remainder when l is divided by p.
2
Suppose 260*y + 132 = 262*y. Calculate the remainder when 272 is divided by y.
8
What is the remainder when 976 is divided by 276/(0 + -12)*1/(-1)*1?
10
Suppose -120686*a = -120709*a + 64929. Calculate the remainder when a is divided by 6.
3
Suppose 5*t - r - 9 = 2*t, -7 = -5*t - r. Suppose t*w - 24 = -s - w, 5*w = 2*s - 92. What is the remainder when 139 is divided by s?
31
Let n(j) be the first derivative of j**4/4 - 16*j**3/3 + 7*j**2 + 35*j + 168. What is the remainder when 157 is divided by n(15)?
17
Let q(n) = n**2 + 70*n - 4033. Calculate the remainder when 1552 is divided by q(38).
61
Suppose 28*a - 6575 = -26*a + 7249. What is the remainder when a is divided by 150?
106
Suppose -23*x + 7*x = -7904. What is the remainder when x is divided by 94?
24
Let h(l) = 2*l**2 - l - 9. Let z(o) = 3*o**2 + 13*o - 19. Calculate the remainder when z(-9) is divided by h(-3).
11
Suppose 2*f - t - 297 = 99, 0 = 4*f + 5*t - 736. Calculate the remainder when 211 is divided by f.
17
Suppose -12*y - 2880 - 1800 = 0. Let r = 393 + y. What is the remainder when 67 is divided by r?
1
Suppose 2*r + 4*f = 982, 3*f - 6797 = -6815. Let x = -46 - -82. What is the remainder when r is divided by x?
35
Let a(c) = 5*c + 62. Let t be a(-11). Let g = 30 - t. Calculate the remainder when 2/7 - -1*(-1088)/(-14) is divided by g.
9
Let x(z) = -77*z - 222. Calculate the remainder when 872 is divided by x(-3).
8
Let h = 963 + -456. Suppose 914 = 7*y - h. Calculate the remainder when y is divided by 68.
67
Let s be 2 - (6 + -529 + -8). Suppose -16*h + 29*h - s = 0. Calculate the remainder when 113 is divided by h.
31
Suppose 3*k = 21, -709 = 5*n + 4*k - k. Let q be 6/1*(1 - -34). Let c = n + q. What is the remainder when c is divided by 11?
9
Let s(x) = -x**3 + 14*x**2 - 48*x + 443. Calculate the remainder when s(10) is divided by 25.
13
Let l be 1/6 - (-9 - (-125)/30). Suppose -5*v - 3*t = -158, 0*v + 156 = 4*v - l*t. Calculate the remainder when 44 is divided by v.
10
Let y(m) = m**2 - 12*m - 100. Let d be y(-9). Suppose d*r - 1040 = 73*r. Calculate the remainder when 323 is divided by r.
63
Suppose f + 156 = 2*n - 30, 5*n - 438 = -2*f. What is the remainder when 987 is divided by n?
87
Let u(b) = 24*b**2 - 123*b - 47. Calculate the remainder when u(6) is divided by 29.
21
Let k(f) = -f**2 + 32*f - 92. Let d be k(16). Suppose -49*t - 5*a - 161 = -50*t, -4*a = -t + d. Calculate the remainder when t is divided by 47.
35
Let l be ((-19)/(-7) + -1)/(2/49). Calculate the remainder when 192 is divided by l + (14 - (1 - -6)).
45
Suppose -2*z + 4*r + 0 + 44 = 0, 22 = z - r. Let i = 102 + -42. Suppose -3*x + i = 2*x. What is the remainder when z is divided by x?
10
Let a be 13 - (15/(-18))/(3/(-18)). Suppose -117 = -m + 5*g, 5*m - 3*g = 467 + a. Calculate the remainder when m is divided by 39.
14
Let i = 1553 + -1494. Calculate the remainder when i is divided by 3.
2
Let h(d) = d**3 + 31*d**2 - 10*d - 263. Calculate the remainder when h(-31) is divided by 34.
13
Suppose 5*n - 432 = n - x, 2*n = -3*x + 226. What is the remainder when 429 is divided by n?
1
Let w be 1/(-3) - (-11 - 9632/24). Let p = w - -108. What is the remainder when p is divided by 18?
16
Let f be (198/15)/((-3)/(-70)). Suppose f = 6*t + t. Calculate the remainder when (t/5)/(4/20) is divided by 12.
8
Suppose 0 = 108*z - 106*z + 2*r - 4954, -4*r + 14874 = 6*z. Calculate the remainder when z is divided by 165.
8
What is the remainder when 3/2*(-25)/10*396/(-27) is divided by 22?
11
Let w(n) = 4*n - 70. Suppose 2*a + 4*k = -a + 226, -2*k = -4*a + 338. Calculate the remainder when (-33)/(-22)*a/3 is divided by w(19).
5
Let f = 314 + -206. Suppose -109*h = -f*h - 15. What is the remainder when 1022/18 + 10/45 is divided by h?
12
Let v(i) = 2*i**2 + 38*i + 2. Calculate the remainder when v(-30) is divided by 312.
38
Let o be ((-36)/(-6))/((0 + -9)/(-3)). Suppose -2*z = g - 0*z - 140, 5*g - 684 = -o*z. What is the remainder when g is divided by 23?
21
Let s(l) = 18*l - 129. Let c be s(8). Suppose g = 2*z - 38, -c + 67 = 4*z + 4*g. What is the remainder when z is divided by 9?
8
Suppose -33*u = -4838 - 2224. Calculate the remainder when u is divided by 80.
54
Let p be (-5)/(-15)*141/2*2. Suppose -2*h = -o + p + 34, 0 = o + 5*h - 95. Calculate the remainder when o is divided by 10.
5
Let q(n) = -n**2 - 20*n + 21. Suppose 15*b - 161 = 604. What is the remainder when b is divided by q(-20)?
9
Let r(x) = x + 45. Let z be r(22). Suppose 0 = 3*w - 20 + 5, -4*w = 5*n - 95. Suppose 0 = 4*u - z + n. What is the remainder when u is divided by 10?
3
Suppose -188 = 10*d - 778. What is the remainder when (-13)/(-2)*24 - (-60 + d) is divided by 40?
37
Suppose 2*m - 4*f - 5 = 97, -3*f - 179 = -4*m. Calculate the remainder when ((-34)/2)/((-12)/84) is divided by 10/(-5) + 1 + m.
39
Let v(d) = -209*d - 171. Calculate the remainder when 6649 is divided by v(-1).
37
Let u(t) = 2*t**2 - 2*t - 1. Let h be u(5). Suppose m = -h + 114. Let w = -296 + 322. What is the remainder when m is divided by w?
23
Suppose 3*v - 2 = 1, -g = -5*v - 1. Suppose -11*r - 623 = -667. Suppose r*w + 3*i - 25 = 4*i, -4*w = 2*i - 22. Calculate the remainder when g is divided by w.
0
Calculate the remainder when (-422 + -45 + (1 - -1))*-1 is divided by 120.
105
Let g = 13582 + -13276. Calculate the remainder when g is divided by 7.
5
Calculate the remainder when (-14)/9 - -2 - (-1459120)/720 is divided by 171.
146
Let q = -3093 + 3180. Calculate the remainder when 4/18 - 39988/(-117) is divided by q.
81
Suppose -j - 9 = -3*m - 0*j, 0 = -3*m - 2*j. Suppose -t + 276 = 3*l - 217, 1004 = m*t - 3*l. What is the remainder when t is divided by 50?
49
Suppose 7*r + 330 = 9*r + 3*u, -2*u = -2*r + 330. Suppose -6195*t + 6198*t - 111 = 0. Calculate 